**3 - 5*t**2 - 11*t + 17. What is the remainder when 111 is divided by j(v)?
35
Suppose 3*m + 47 - 224 = 0. Suppose 2*q = -2*r + 8 + 8, 0 = -2*q - 4*r + 12. Suppose 3*s = -2*s - q, 5*j - 77 = s. What is the remainder when m is divided by j?
14
Let f = -249 - -273. Calculate the remainder when 525 is divided by f.
21
Suppose 15 = 5*i - r, 4 = -i - r + 1. Suppose -2 = c - 5*h, 3*c - 4*h - 32 = -2*c. Suppose d + i = c. What is the remainder when 22 is divided by d?
4
What is the remainder when 4 + (-306)/(2 - 28/8) is divided by 50?
8
Let p = 71 + 79. Let t(l) = 13*l**2 - 73*l + 8. Calculate the remainder when p is divided by t(6).
36
Let h = -1 - -6. Suppose -h*w + o = -13, 1 = o - 1. Suppose 2*j = -2*v + 14, -w*j + 4*v + 17 = 3. What is the remainder when 22 is divided by j?
4
Suppose -23*f = -162 - 574. What is the remainder when f is divided by ((-10)/4 + 0)*-2?
2
Let a(x) = x**3 + 7*x**2 - 2*x - 3. Let c = -5 - -56. Suppose 156 - c = 5*u. What is the remainder when u is divided by a(-7)?
10
Suppose 2*z + 10 = 4*s, 4*s - 8 - 3 = z. Suppose s*w = 3 + 21. Calculate the remainder when 15 is divided by w.
7
Calculate the remainder when 45 is divided by 0 - (-1 - -1) - (0 + -12).
9
Let j = 419 - 405. What is the remainder when 125 is divided by j?
13
Calculate the remainder when 531 is divided by ((-9)/18*28)/(-1).
13
Let u(w) = -w**3 - 23*w**2 + 73*w - 27. Calculate the remainder when u(-26) is divided by 52.
51
Suppose 3*g = 3*s - 12, 4*g + 37 = -3*s - 0*s. Let r(m) = m**3 + 7*m**2 - 14*m - 9. What is the remainder when r(g) is divided by 23?
20
Let p be (-2)/3 + (2/(-6) - -1). Suppose 5*l = 4*r + 103, l + 3*r - 32 = -p*l. Calculate the remainder when l is divided by 9.
5
Let o(i) = 4*i**2 - 1. Let q be ((-10)/(-20))/(2/12). Suppose 5*n + q*z = 5*z + 47, 0 = 2*z + 2. What is the remainder when o(-2) is divided by n?
6
Let o = -1083 + 1118. Suppose 0*h = -2*h + 12. What is the remainder when o is divided by h?
5
Let c(k) = -2*k**2 + 52*k + 2. What is the remainder when 147 is divided by c(25)?
43
Let g(z) = -z**2 - 9*z + 34. Let l be g(-11). Calculate the remainder when (l/(-3))/(-4)*(74 - 1) is divided by 15.
13
Let d = 82 + -172. Let g = d + 121. What is the remainder when 118 is divided by g?
25
Let s(q) be the third derivative of q**4/8 + q**2. What is the remainder when ((-2)/(2/1))/((-12)/60) is divided by s(1)?
2
Let w(s) = 2*s**2 + 12*s - 22. Let j be w(-7). Calculate the remainder when 16/(-12)*(j + 2)*7 is divided by 12.
8
Suppose -60 = -3*q - 4*y + 106, -159 = -3*q + 3*y. Suppose 14 = h - q. Suppose 69 = -5*d + 184. Calculate the remainder when h is divided by d.
22
Suppose -483 + 123 = -6*n. Suppose u = -2*x - 0*u + 28, 0 = -3*x + 3*u + n. What is the remainder when 58 is divided by x?
10
Calculate the remainder when 26 is divided by (23/((-460)/(-8)))/(2/40).
2
Let k be 58/(-1) - (-4)/(-2). Let j = k + 131. What is the remainder when j is divided by ((-48)/(-14))/(2/14)?
23
Suppose 0 = 5*n + 4*s - 17, n - 11 = -2*s + 5*s. Let k(v) = -2 + v**2 + 1 - 4*v - 2 + v. What is the remainder when 20 is divided by k(n)?
6
Let p(y) = 31*y + 447. Calculate the remainder when p(-12) is divided by (0 - -2)*(-39)/(-2).
36
Suppose -5*k - 48 = -8*k. What is the remainder when 191 is divided by k?
15
Suppose -678 = -13*w + 674. What is the remainder when w is divided by 19?
9
Suppose -3*f - 171 = -3*w, -12*w + 17*w - 2*f = 291. What is the remainder when w is divided by 16?
11
Suppose 0 = -2*y + 3*h + 10, 4*h = 5*y - y - 24. Calculate the remainder when 32 is divided by y.
0
Let p(o) = 9*o**2 + 28*o - 67. Let v(w) = -4*w**2 - 14*w + 34. Let c(y) = 3*p(y) + 7*v(y). What is the remainder when 103 is divided by c(-15)?
15
Let d = -448 + 675. Calculate the remainder when d is divided by 46.
43
Let b = -31 + 75. Let d = 8 + 8. Calculate the remainder when b is divided by d.
12
Let t be ((-1022)/14)/(1/1). Let s = -63 - t. Calculate the remainder when 16 is divided by s.
6
Suppose 5*z + 4*s = 4, -z + 4*s = 3 + 1. Let d(v) = 43 + v**3 - 238*v - v**2 + 238*v. Calculate the remainder when d(z) is divided by 11.
10
Let t = 56 - 46. Calculate the remainder when 4/(-18) - (-335)/9 is divided by t.
7
Let v = -487 - -541. Suppose -84 = -4*m + m. What is the remainder when v is divided by m?
26
Suppose -10*c = -51 - 589. Calculate the remainder when 124 is divided by c.
60
Suppose 0 = -5*r + 2*j + 273, 22 = r + 2*j - 23. Calculate the remainder when r is divided by 27.
26
Let o be (2*(-1)/2)/(-1). Suppose o = -3*z + 49. Calculate the remainder when 94 is divided by z.
14
Let u = -9 + 13. Suppose 5*c - u*p = -0*c + 10, -c - 4*p = -26. Suppose 107*b = -272*b + 66*b + 2817. What is the remainder when b is divided by c?
3
Let j(o) = 6*o**2 + 5*o - 2. Suppose 4*c - 5*c = 0. Suppose 3*t - 30 = -c*t. Calculate the remainder when j(-3) is divided by t.
7
Let j(f) = -8*f - 5. Calculate the remainder when j(-4) is divided by 84/112*(8 + 0).
3
What is the remainder when (2/(-4))/((172/(-1104))/43) is divided by 20?
18
Suppose 16*v = 17*v + 71. Let b = -58 - v. What is the remainder when 35 is divided by b?
9
Let q(d) = -2*d**3 - 4*d**2 - d - 4. Suppose c + 2*f = -9, -2*c + 0*f - 5*f = 21. Suppose 63*i + 165 = 68*i. Calculate the remainder when i is divided by q(c).
16
Let y be (-30)/4*((-98)/(-21) - 6). Let x(l) = -l**3 - 6*l**2 - l + 2. Calculate the remainder when y/((-26)/(-36) + 6/(-27)) is divided by x(-6).
4
Suppose -d + 5*s = 4, -5*s + 26 = 1. Let q(l) = l**2 - 12*l + 99. What is the remainder when q(10) is divided by d?
16
Suppose -3*d + 3*b + 372 = 0, 2*d + 5*b - 130 = d. Let l = 222 - d. What is the remainder when l is divided by 49?
48
Let j be -25 + -1 + (7 - 3). Let c = 27 + j. Let k(s) = s**3 - 5*s**2 + 4*s - 10. Calculate the remainder when 29 is divided by k(c).
9
Let o(w) = 6*w - 30. Let y = -345 + 487. Calculate the remainder when y is divided by o(11).
34
Let o = 1247 + -1159. What is the remainder when o is divided by 30?
28
Let o(c) = 11*c. Let b(g) = -32*g + 1. Let f(n) = -6*b(n) - 17*o(n). Calculate the remainder when 35 is divided by f(3).
8
Let q = 424 - 362. Calculate the remainder when 181 is divided by q.
57
Suppose h - 10 = -5*k + 3*k, -h + 5*k = 25. Suppose h = -2*i + 7 + 21. What is the remainder when 6 is divided by (-6)/i - (-31)/7?
2
Calculate the remainder when 59/2*(-2 + 6) is divided by ((-48)/32 + (-1)/2)*-10.
18
Let w(m) = -2*m**2 - 10*m - 18. Let p(y) = -y**2 - 5*y - 9. Let t(n) = 7*p(n) - 4*w(n). Calculate the remainder when t(-8) is divided by 10.
3
Suppose -10 = -7*r + 12*r. What is the remainder when 7 is divided by ((-38)/24 - r/8)*-3?
3
Let k = -68 + 80. Suppose k*a - 21 = 9*a. Calculate the remainder when a is divided by 3.
1
Suppose 4*y - 5*y = 4*d - 145, 2*y - 10 = 0. Calculate the remainder when d is divided by 9.
8
Suppose -7*b + 17 = -81. Suppose 8*r = b*r - 96. Let t(i) = 32*i - 1. Calculate the remainder when t(1) is divided by r.
15
Let a(v) = -22*v - 25. Let w(g) = 7*g + 8. Let p(l) = 4*a(l) + 11*w(l). Calculate the remainder when p(-5) is divided by 5.
3
Suppose 4*d = 3*d + 12. Calculate the remainder when d is divided by 8.
4
Let y(o) = -2*o**3 - 6*o**2 + 6*o + 11. Let x(b) = b**3 + 2*b**2 - 3*b - 4. What is the remainder when x(3) is divided by y(-4)?
13
Suppose 0 = -f + 48 - 41. Suppose 2*u = 4*u. Let k = f + u. What is the remainder when 13 is divided by k?
6
Let b(d) = 86*d + 3. What is the remainder when b(1) is divided by 43?
3
Suppose -14 = -11*s + 19. Calculate the remainder when 40 is divided by (216/21 - s) + 2/(-7).
5
Let f be ((-9 - -7)/(-6))/(1/15). Suppose 0 = -2*k - f*c + 39, 0 = 2*c - 2 - 0. Calculate the remainder when -98*((-3)/(-2) + -2) is divided by k.
15
Suppose 2*p - 10 = -0*p. Let i(z) = -6*z + 44. Calculate the remainder when 207 is divided by i(p).
11
Suppose 0 = 5*i - 964 - 16. Suppose -9*t - 3*z + 270 = -5*t, -z - i = -3*t. What is the remainder when t is divided by 17?
15
Let a(i) = -5*i - 5. Suppose -3 + 17 = -2*g + 3*k, 0 = 5*g + 2*k + 16. Let l be a(g). Calculate the remainder when ((-5)/l)/((-1)/165) is divided by 14.
13
Suppose 2*u = 5*u - 42. Let i = 34 + -24. What is the remainder when (-460)/(-28) - (-8)/u is divided by i?
7
Let i = -13 + 26. Calculate the remainder when i is di